{"id":783,"date":"2018-05-09T21:45:55","date_gmt":"2018-05-09T20:45:55","guid":{"rendered":"http:\/\/ambulanz.kunststelle.de\/wp-content\/uploads\/20180503_132157_web.jpg"},"modified":"2018-05-09T21:45:55","modified_gmt":"2018-05-09T20:45:55","slug":"20180503_132157_web","status":"inherit","type":"attachment","link":"http:\/\/ambulanz.kunststelle.de\/?attachment_id=783","title":{"rendered":"20180503_132157_web"},"author":1,"featured_media":0,"comment_status":"closed","ping_status":"closed","template":"","meta":[],"class_list":["post-783","attachment","type-attachment","status-inherit","hentry"],"description":{"rendered":"<p class=\"attachment\"><a href='http:\/\/ambulanz.kunststelle.de\/wp-content\/uploads\/20180503_132157_web.jpg'><img loading=\"lazy\" decoding=\"async\" width=\"300\" height=\"168\" src=\"http:\/\/ambulanz.kunststelle.de\/wp-content\/uploads\/20180503_132157_web-300x168.jpg\" class=\"attachment-medium size-medium\" alt=\"Hansedepeschen. Sound of Hanse\" srcset=\"http:\/\/ambulanz.kunststelle.de\/wp-content\/uploads\/20180503_132157_web-300x168.jpg 300w, http:\/\/ambulanz.kunststelle.de\/wp-content\/uploads\/20180503_132157_web.jpg 1778w\" sizes=\"auto, (max-width: 300px) 100vw, 300px\" \/><\/a><\/p>\n<p>In dem Wassertank (Klangkontor) befinden sich Lautsprecher, die die aktuellen Radioprogramme aus den Regionen der ausgew\u00e4hlten Hansest\u00e4dte spielen. \u00dcber ein Funkger\u00e4t wird der Klangteppich &#8211; und auch das vorkommende Rauschen &#8211; in den Eingangsbereich des Ausstellungsortes \u00fcbertragen.<br \/>\nEin weiteres Funkger\u00e4t empf\u00e4ngt den von den Besucher*innen eingestellten Radiosender im Klangkontor und erweitert den Klangteppich &#8211; und die Klanghanse.<\/p>\n"},"caption":{"rendered":"<p>Lautsprecher und Funkger\u00e4te im &#8222;Klangkontor&#8220;<\/p>\n"},"alt_text":"Hansedepeschen. Sound of Hanse","media_type":"image","mime_type":"image\/jpeg","media_details":{"width":"1778","height":"1000","hwstring_small":"height='71' width='128'","file":"20180503_132157_web.jpg","sizes":{"thumbnail":{"file":"20180503_132157_web-150x150.jpg","width":"150","height":"150","source_url":"http:\/\/ambulanz.kunststelle.de\/wp-content\/uploads\/20180503_132157_web-150x150.jpg"},"medium":{"file":"20180503_132157_web-300x168.jpg","width":"300","height":"168","source_url":"http:\/\/ambulanz.kunststelle.de\/wp-content\/uploads\/20180503_132157_web-300x168.jpg"},"full":{"file":"20180503_132157_web.jpg","width":1778,"height":1000,"mime_type":"image\/jpeg","source_url":"http:\/\/ambulanz.kunststelle.de\/wp-content\/uploads\/20180503_132157_web.jpg"}},"image_meta":{"aperture":"2.2","credit":"","camera":"SM-N910F","caption":"","created_timestamp":"1525353717","copyright":"","focal_length":"4.8","iso":"250","shutter_speed":"0.04","title":""}},"post":780,"source_url":"http:\/\/ambulanz.kunststelle.de\/wp-content\/uploads\/20180503_132157_web.jpg","_links":{"self":[{"href":"http:\/\/ambulanz.kunststelle.de\/index.php?rest_route=\/wp\/v2\/media\/783","targetHints":{"allow":["GET"]}}],"collection":[{"href":"http:\/\/ambulanz.kunststelle.de\/index.php?rest_route=\/wp\/v2\/media"}],"about":[{"href":"http:\/\/ambulanz.kunststelle.de\/index.php?rest_route=\/wp\/v2\/types\/attachment"}],"author":[{"embeddable":true,"href":"http:\/\/ambulanz.kunststelle.de\/index.php?rest_route=\/wp\/v2\/users\/1"}],"replies":[{"embeddable":true,"href":"http:\/\/ambulanz.kunststelle.de\/index.php?rest_route=%2Fwp%2Fv2%2Fcomments&post=783"}],"wp:attached-to":[{"embeddable":true,"post_type":"post","id":780,"href":"http:\/\/ambulanz.kunststelle.de\/index.php?rest_route=\/wp\/v2\/posts\/780"}],"curies":[{"name":"wp","href":"https:\/\/api.w.org\/{rel}","templated":true}]}}

<p class="attachment"><a href='http://ambulanz.kunststelle.de/wp-content/uploads/20180503_132157_web.jpg'><img loading="lazy" decoding="async" width="300" height="168" src="http://ambulanz.kunststelle.de/wp-content/uploads/20180503_132157_web-300x168.jpg" class="attachment-medium size-medium" alt="Hansedepeschen. Sound of Hanse" srcset="http://ambulanz.kunststelle.de/wp-content/uploads/20180503_132157_web-300x168.jpg 300w, http://ambulanz.kunststelle.de/wp-content/uploads/20180503_132157_web.jpg 1778w" sizes="auto, (max-width: 300px) 100vw, 300px" /></a></p>
<p>In dem Wassertank (Klangkontor) befinden sich Lautsprecher, die die aktuellen Radioprogramme aus den Regionen der ausgewählten Hansestädte spielen. Über ein Funkgerät wird der Klangteppich &#8211; und auch das vorkommende Rauschen &#8211; in den Eingangsbereich des Ausstellungsortes übertragen.<br />
Ein weiteres Funkgerät empfängt den von den Besucher*innen eingestellten Radiosender im Klangkontor und erweitert den Klangteppich &#8211; und die Klanghanse.</p>

<p>Lautsprecher und Funkgeräte im &#8222;Klangkontor&#8220;</p>
